 23*n**3/3 - 136*n**2 + n. Determine x(0).
46
Let b(h) = -h - 3 + 0*h + 2*h + 2*h - 6*h. What is b(-3)?
6
Suppose 0 = -5*n - 14*n + 114. Let t(d) = d + 1. Let j(b) = 5*b. Let o(m) = -j(m) + 4*t(m). Determine o(n).
-2
Let j(x) be the first derivative of -x**4/4 - 2*x**3 - 3*x**2 - 3*x + 68. Give j(-5).
2
Let b(m) = 4*m**2 - 3*m - 15. Let g(k) = k**2 - k - 4. Let j(a) = -2*b(a) + 9*g(a). Calculate j(6).
12
Suppose -2*j = -7*j + 3*p + 12, -2*j - 2*p - 8 = 0. Suppose 8*w - 4*w - 8 = j. Let h(g) = -6*g + 4*g + 0*g**3 + 2*g**w - g**3. Give h(2).
-4
Let o(j) = -5*j - 1. Let z(c) = 31*c + 10. Let s(a) = -6*o(a) - z(a). Let y(i) = -i**3 - 2*i**2 + 4*i + 3. Let b be y(-3). Calculate s(b).
-4
Let n(o) = o**2 + 3*o - 2. Let r be -3 + 6/(-6) + 6. What is n(r)?
8
Let k(o) be the second derivative of 0*o**2 + 1/20*o**5 - 11*o + 1/3*o**4 + 0 + 1/6*o**3. Give k(-4).
-4
Let x = 91 + -146. Let c be (-21)/(-15) - (-22)/x. Let r(g) = -2*g**2 + g. Determine r(c).
-1
Let i(b) = -b + 12. Let j(v) = -v**3 - 27*v**2 + v + 36. Let x be j(-27). Determine i(x).
3
Suppose 2*n - 7 = 3*n + 4*k, 3*k = n - 21. Suppose -3 = -2*l - n, -4*l = 5*d + 17. Let a(f) = -2*f**2 + f. Calculate a(d).
-3
Let s(m) be the second derivative of m**3/3 + 5*m**2/2 - 10592*m. Let k = 9 + -13. Give s(k).
-3
Let m(a) = -2*a - 16. Let z = -1850 + 1845. What is m(z)?
-6
Suppose -4*v + 4*o + 60 = 0, -v + 4*v = -o + 57. Let b be (416/v)/4 + 8/36. Let g(i) = -2*i + 6. Give g(b).
-6
Let h be (14/(-21))/(2/(-12)). Let v(k) = 3*k**3 - 15*k**2 - 19. Let y(a) = a**3 - 5*a**2 - 6. Let u(f) = 2*v(f) - 7*y(f). Determine u(h).
20
Let g be 1/(-2) - 11/2. Let y(a) be the first derivative of 0*a + 96 - 7/2*a**2 - 1/3*a**3. Give y(g).
6
Let h(q) be the first derivative of q**3/3 - 3*q**2/2 - 10*q - 144. Calculate h(6).
8
Let w(m) = m**2 + 3*m - 3. Let u(h) = -76*h - 2. Let v be u(-1). Suppose 28 = -a - 4*f + 3*f, -3*a = 5*f + v. Let d = a - -28. Determine w(d).
7
Let j(x) be the third derivative of -23*x**2 + 0*x + 1/3*x**3 + 0 + 1/8*x**4. Give j(-2).
-4
Let z = 1447 + -1444. Let d(r) be the first derivative of r**5/30 - r**4/8 - r**3/2 + r**2/2 - 2. Let f(k) be the second derivative of d(k). Determine f(z).
6
Let h(a) be the third derivative of -a**6/120 + a**5/12 - a**4/8 - 5*a**3/6 - 493*a**2. What is h(3)?
4
Let i(n) = n**3 - 5*n**2 - 2. Let w be i(5). Let z = w + 5. Let f(j) = -j - 2. Let d(r) = -3*r - 4. Let k(c) = 2*d(c) - 5*f(c). Calculate k(z).
-1
Let l(c) = 95*c - 183*c + 90*c - 13. Give l(12).
11
Suppose -5*d - 17 = 3, 0 = -2*a + 3*d + 16. Suppose 0 = 3*m + 7 + a. Let n = 6 + m. Let f(h) = -h**3 + 2*h**2 + 3. Give f(n).
-6
Let s(a) = a + 14. Let g(i) = -8*i + 402. Let p be g(51). What is s(p)?
8
Let d(w) = w**3 + w**2. Let u = 250 + -252. What is d(u)?
-4
Let f be -12 - 0/(0 + 2). Let w(v) = -v - 8. Let j be w(f). Suppose 3*l + j = 1. Let p(q) = 2*q**2 + q. Calculate p(l).
1
Let p be (1 + 1)/(-2) + 2. Let z(n) = 6*n + 10*n - 10*n - 2 + 1 + n. What is z(p)?
6
Let h = 14 + 0. Let c = h + -10. Let b(p) = p**3 - 5*p**2 + 4*p - 3. What is b(c)?
-3
Let d(i) = -i**3 - 6*i**2 + 4*i - 9. Let f be d(-7). Let r = f - 20. Let h be 4/r*-6*-1. Let m(x) = 5*x + 1. Determine m(h).
-14
Let q(k) = k**2 - 5*k + 5. Suppose 633*b + 36 = 645*b. Give q(b).
-1
Suppose 6*i - 92 = 298. Let m = i + -58. Let r(l) = -l**2 + 9*l - 5. Calculate r(m).
9
Let m(i) = -2*i**2 + 3*i + 1. Suppose 2 = 37*g - 36*g. Give m(g).
-1
Suppose 15 = 3*j + c, 2*c + 3*c - 5 = -j. Suppose -2*k + j*l - 8 = 0, -l = 3*k - 10 - 12. Let m(v) = v - 5. What is m(k)?
1
Suppose -4*n + 2*a - a + 3 = 0, 5*n - 5 = a. Let z(q) be the second derivative of -q**5/20 + q**3/6 + q**2 + 5*q. Calculate z(n).
-4
Let s be (-2)/(-9) + (-110)/9. Let r be (s/(-16))/((-1)/(-8)). Let k(d) = r + d**2 - d - 2 - 2*d - 4*d. Calculate k(5).
-6
Let v(p) be the third derivative of -3*p**5/10 + p**4/8 - p**3/3 + p**2 + 100*p. What is v(1)?
-17
Suppose 0 = 7*w - 3*w - 12. Let m(u) = 3*u**3 + w*u**2 + 1 - 2*u**3 - u + 2*u. Suppose -23*y + 18*y = 15. Give m(y).
-2
Suppose -9 = -5*a - 14. Let j(v) = v + 8. Let i(b) be the second derivative of -b**2/2 + 7*b. Let d(z) = -6*i(z) - j(z). Calculate d(a).
-1
Let g(w) = 2*w**3 - 606*w**2 + 605*w**2 - 2*w + w. Give g(-1).
-2
Let y(b) = -3*b**3 + 9*b**2 + 4*b**3 + 1 + b + 5 - 3 + 1. Calculate y(-9).
-5
Suppose 14*u = 30 - 142. Let a(q) = -8*q - 15. What is a(u)?
49
Suppose -73 = 4*u - 409. Let q = u - 80. Let r(m) = m**2 - 3*m + 1. What is r(q)?
5
Let x be ((-20)/(-8))/(5/4). Let h(y) be the first derivative of -4*y**2 + 2*y - 6. Determine h(x).
-14
Let m(u) = -u + 6. Suppose 0 = -2*v + 6*v + 4, -x + 23 = 5*v. Let p be ((-76)/28 + 3)*x. Give m(p).
-2
Let w(k) be the first derivative of 1 + 1/5*k**5 - 6*k - 1/6*k**3 + 0*k**4 + 1/2*k**2. Let q(n) be the first derivative of w(n). Determine q(1).
4
Let d(g) = g. Let l(v) = 9 - 11 - 13*v - 2*v**2 + 6*v. Let p(f) = -2*d(f) + l(f). Calculate p(-6).
-20
Let b(d) = 2*d**2 + 1. Let k = 1 + 2. Suppose -s = -k*s - 24. Let u(i) = i**3 + 13*i**2 + 11*i - 11. Let c be u(s). Calculate b(c).
3
Let w = -47 - -52. Let r(k) = -6*k**2 - 4*k + 3. Let j(v) = -5*v**2 - 4*v + 3. Let g(d) = w*j(d) - 4*r(d). Let t = 2 + 0. What is g(t)?
-9
Let b = -28 + 23. Suppose -15 = -0*t - 5*t. Let f(p) = 0*p - p + 3*p**2 + 2*p**2 + p**t. Give f(b).
5
Let j = 12 + -7. Suppose -4*b + 0 = -4*q + 4, -j*q - 10 = 0. Let l(y) = -y**3 + 5*y + 4. Give l(b).
16
Let l(d) = -d + 4. Let m be (-48)/(-9) - 6/18. Give l(m).
-1
Let f(b) = -4*b**3 - 2*b**2 + 1. Suppose 13 = 4*k + 3*r - 7, -k + r - 2 = 0. Let z(i) = -i**3 - i**2 + 6 - 4*i**2 - i + k*i**3. Let x be z(5). Give f(x).
-5
Suppose -5*r - 4 = 5*l - 39, l - 17 = -3*r. Let h(c) = -10*c + 5. Let g(u) = 1. Let f(b) = -5*g(b) + h(b). Determine f(l).
-20
Let z(a) be the third derivative of a**7/840 - a**6/90 + a**5/120 + a**4/12 - 25*a**3/6 - 28*a**2. Let y(d) be the first derivative of z(d). Determine y(2).
-4
Let b be ((-2)/(-1) - -1908)/(-1). Let y be b/(-70) - (-2)/(-7). Let t(h) = -h**2 - y*h + 2 - 6 + 29*h. Determine t(4).
-12
Let b(v) = -v**2 - 4*v. Let k = -18 + 18. Suppose 6*r = -k*r + 12. Let z be (-1 + 16)*r/(-5). Calculate b(z).
-12
Let y(x) be the second derivative of -x**4/12 + x**3 + 4*x**2 + x. Let k = 17 + -13. Let j be (-252)/9*(-1)/k. Calculate y(j).
1
Let d(j) = -j**2 + 27*j - 124. Let o be d(6). Let z(r) = -14*r + 3. What is z(o)?
-25
Let c = -4 + 3. Suppose 5*j - 9 = 4*i - 2, 3*j - 5 = 2*i. Let v(a) = -2*a + 4*a - 3*a + 4*a**i. Calculate v(c).
5
Let i(u) = u + 1. Let j(z) = 3*z + 1. Let m be (-1 + 0)*7/7. Let l(c) = m*j(c) + 4*i(c). Determine l(-10).
-7
Let r(k) = 2 + 9*k**2 - 7 - 2*k - 6*k**2 - 2*k**2. Calculate r(4).
3
Let a(k) = 4*k + 7. Let o(q) = -20*q - 34. Let u(l) = -14*a(l) - 3*o(l). Suppose -1 + 3 = j. Suppose -11 + j = 3*z. Calculate u(z).
-8
Let a(q) be the first derivative of q**4/4 + 5*q**3/3 + 2*q**2 + 3*q + 41. Give a(-3).
9
Let p(m) = 4*m + 7. Let t(r) = -4*r - 18. Let x(o) = -11*o - 53. Let s(i) = -8*t(i) + 3*x(i). Let u be s(-9). What is p(u)?
-17
Let d(q) = 7*q**2 + 9*q + 2. Let v(i) = -20*i**2 - 26*i - 6. Let h(m) = 17*d(m) + 6*v(m). Determine h(-4).
-6
Let t(n) = -n**2 - 6*n + 21. Let c(u) = 25*u - 59. Let f be c(2). What is t(f)?
-6
Let y(v) = 17*v**3 - 15*v**2 + 8*v + 27. Let c(d) = -48*d**3 + 44*d**2 - 23*d - 79. Let t(s) = 6*c(s) + 17*y(s). What is t(-9)?
3
Let y(m) = 35*m + 35. Let p(o) = 3*o + 3. Let b(d) = 25*p(d) - 2*y(d). Let r(u) = -u**2 - 4*u - 4. Let l(a) = 3*b(a) + 4*r(a). Determine l(-1).
-4
Let m(r) = 3*r - 14. Let h = -193 - -199. Determine m(h).
4
Let s(a) be the third derivative of -3/2*a**3 + 0*a + 10*a**2 + 1/12*a**4 + 0. Calculate s(7).
5
Let u(z) be the third derivative of z**6/120 - z**5/20 + z**4/6 - z**3/2 + 48*z**2. Calculate u(2).
1
Let q(j) be the third derivative of j**4/12 - 5*j**3/6 - 2*j**2. Let u be q(-5). Let i be u/6*(-4)/(-5). Let g(x) = x - 2. What is g(i)?
-4
Suppose 0 = -4*i - 3*m + 7*m + 16, -5*i - 3*m + 20 = 0. Let o(f) = -2*f**2 + 2*f + 3. Determine o(i).
-21
Suppose 0 = 11*g - 29*g + 54. Let q(m) be the first derivative of 5 - 3/2*m**2 + g*m. What is q(3)?
-6
Let i(n) be the second derivative of -1/6*n**3 + n + 0 - 3*n**2. Let f = 51007 - 51013. Calculate i(f).
0
Let p(g) = 3*g + 3*g - 6 - 3*g. Let i be p(1). Let 